40 + -32 + -46.
20
Evaluate 42 - (-48 + (46 - -7)).
37
What is the value of (3 - 53) + 2 - (-33 + -67 + 82)?
-30
Calculate -95 - (-88 - (30 + -37)).
-14
What is the value of (23 - (-50 - -35)) + (1 - -2) + -1?
40
Evaluate 6 - (-29 - (-126 + 87)).
-4
What is the value of -60 + 30 + 42 - 18?
-6
What is -188 + 58 + 59 + (15 - (1 - -1))?
-58
Evaluate 16 + (-31 - (-29 - -12)) + 20.
22
What is the value of -21 - -10 - -25 - (11 - (4 + 4)) - 91?
-80
Evaluate -103839 + 103791 - (-4 - (2 - 4) - -3 - 4).
-45
Evaluate (-8 - (11 - 14)) + (-7 - 5 - -2).
-15
What is the value of (205 - 139) + -47 + 66?
85
What is -68 - 3 - (15 - (9 + 10) - 3)?
-64
-244 - -321 - (10 - 3 - 9 - 17)
96
What is 17 + 0 + 5 + 9 - (-5 - 5)?
41
What is the value of -114 + 98 + 62 + (5 - 3)?
48
Evaluate 90 + -23 + -23 - 11.
33
Evaluate -7 + 125 + (82 - 138 - -61).
123
What is the value of 366 + -345 + -11 + -2 + (1 - 0)?
9
Evaluate (1 - 1 - -1 - (37 + -31) - 53) + 12.
-46
Calculate 149 - 97 - 133 - (-1 + (-2 - -4) - 2).
-80
What is (22 - (14 - 7 - 6)) + -129 + 208?
100
-51 - 17 - ((1 - 24) + -1)
-44
Calculate (155 - 137) + (-15 - -6 - (-19 + -1)).
29
Calculate 109 - (-65 + 71 + -2).
105
Evaluate 26 + 22 + -18 + -47 - -82.
65
-1 + (-12 - -6) - (-35 - (-8 + 23)) - -4
47
(161 - 193) + 2 + 38 + -1 + 39
46
Evaluate 42 + -5 + 0 + 10 - (6 - (-1 + 2)).
42
What is -28 - (-26 - ((11 - 3) + -13) - -10)?
-17
What is the value of 0 - (-11 - -14) - 57?
-60
Evaluate -21 - (-11 + -3 + -11 + 6).
-2
Evaluate (3 - 3 - (-21 + 7)) + 19.
33
What is the value of 0 + (-12 - -7) - (84 + -7 + (0 - 1))?
-81
Calculate 0 - -5 - ((3 - -2) + -5 - -6).
-1
What is (-33 - 75 - -115) + 2?
9
What is the value of (4 - (13 + 4 + -8 + -18)) + 44?
57
What is 3 + (-4 - -19) + -21 + -5 + 33?
25
What is the value of -81 - (21 - 57) - (-2 - 0 - (3 - 2))?
-42
Evaluate 115 - ((10 - 1 - (267 + -253)) + (-1 - -3)).
118
2 - (-11 - (17 - 45)) - -21 - (0 + -23)
29
Evaluate 57 - (-85 + (28 - -12)).
102
Calculate -22 + (-36 - -39 - 5).
-24
What is -36 + -50 + 100 + -7 + -16?
-9
What is -2 + (-11 + 23 + -5 + -8 - (38 + 1))?
-42
What is the value of (1 - (-5 + 22 + -12)) + -9?
-13
What is -116 + 73 + 75 + -35?
-3
Calculate -7 + -68 + (10 - 49 - -50).
-64
What is -4 - (27 + -16 + -10 - 70)?
65
What is -2 - -15 - (10 + -11) - 27?
-13
What is 26 - (25 - 141) - (-5 + (-5 - -6 - -2))?
144
What is the value of -145 + -8 + 1313 + -1093?
67
Calculate 13 + (53 + -58 - (2 - -2)) + (-1 - -98).
101
Evaluate -34 + -12 + 33 + 102 + -2 + -12.
75
Calculate 0 - (-26 + (24 - 24)).
26
Calculate -9 + 2 + -2 + 1 - (-18 - -52 - 28).
-14
What is the value of 5 + (7 + (3 - 5) + -7 - -19 - -13)?
35
Calculate (20 - (16 + -10 + 12)) + -2 + (-2 - 0).
-2
Calculate 90 + -109 + 12 + (96 - (0 - 9)).
98
What is the value of 224 + (121 - 374) + (88 - 1)?
58
What is the value of -5 + 72 + -125 + -11?
-69
Evaluate 3 - (1 - -2) - ((9 - -35) + -78).
34
What is the value of 41 + (-13 - (34 + (3 - 85)))?
76
What is (44 - (162 + -106)) + 83?
71
Calculate -31 + 17 - (-7 - 53).
46
Calculate -13 - ((18 + 3 - 29) + -27).
22
Evaluate (16 + -2 - (419 - 394)) + -6.
-17
What is the value of 10 - (-2 - 104) - 189?
-73
5 + -4 - (10 + -20 - (3 - -17))
31
What is the value of -40 - (28 + -138 + (-28 - 7))?
105
What is (-338 - -57) + 287 + (0 - 9)?
-3
What is the value of (1 + -2 - (-45 + 44)) + (-4 - 1 - 41)?
-46
Evaluate 5 + 1 + 12 + -7 + -3 - (10 + -75).
73
Calculate 127 + -143 - (5 - (-24 - -8)).
-37
Evaluate (-9 + 3 - (-8 - -10) - 0) + 15 + 30.
37
What is the value of (-1 - -12 - (-9 - (-17 - 20 - -10))) + -77?
-84
78 + 4 - (3706 + -3669)
45
What is the value of 15 + (23 - (-24 - -42)) + -2 + (-1 - -7)?
24
What is -2 - (-2 + (5 - 2 - (99 - 93)))?
3
(20 - -57) + -21 + -57
-1
Calculate -3 + 94 + (2472 - 2701).
-138
(57 - 86) + -31 + 3
-57
Calculate -102 + 98 + (0 - -64).
60
Calculate -30 + (48 - 70) - (-1 + -3).
-48
Evaluate (-23 + -15 - (25 + -4)) + -7 + 23.
-43
Calculate (-17 - 58 - -2) + 63.
-10
What is the value of -1 + -8 - ((0 - -57) + (-91 + -47 - -135))?
-63
What is the value of (49 - -6) + (8 - (1 - (6 - 1))) + -7?
60
What is 43 - (-13 - (-15 - (9 - 13))) - -1?
46
Calculate 152 - (118 + -33 + -28).
95
Evaluate 58 - 45 - 42 - (-7 - 22).
0
What is the value of -21 + 1 + -1 + 4 - (-26 + 18)?
-9
Calculate 2 + (42 - (-67 - -63)).
48
What is -127 + 67 - (-46 + -2)?
-12
What is the value of -25 - (-24 - (5 - -29))?
33
What is -7 + (-14 + 4 + -8 - -19) + 54?
48
Evaluate 28 + -59 - -44 - -5.
18
What is (14 + 9 + -44 - 18) + 4?
-35
-3 + -2 + -245 + 232
-18
(-63 - -30 - -3) + -12 + (-13 - 0)
-55
What is 62 + (35 - (5 + 11) - 9) + 6?
78
What is 46 - -2 - (166 + (-10 - 165))?
57
Calculate (14 + (-2 - 0) + -2 + 1 - -3) + -69.
-55
What is -99 + 12 + 4 + (-12 - -35)?
-60
What is the value of 2 + -3 + (11 - 0 - 22) + 3?
-9
Evaluate (-9 - -14) + -4 + 10 + -15 + 91 + -2.
85
Calculate (-83 - (-6 - 18 - -13)) + (4 - (0 - 1)).
-67
What is the value of -1 - -67 - (-227 + (138 - -73))?
82
What is the value of 40 + -7 + 133 + -123?
43
Evaluate 34 + (15 + 3 - (1 + 2)) + 0 + -8.
41
Calculate (99 - 72 - (34 + 0) - (1 - 9)) + -85.
-84
Evaluate (-18 - (-26 - 27) - 5) + 4.
34
Calculate -24 - ((-64 - -57) + 18).
-35
Evaluate (5 - (1 + -7)) + (16 - -4) + -7.
24
(22 + -67 - -10) + (6 - (8 - 6))
-31
Calculate -1 + -11 + 77 - (5 + 22 + -27).
65
Evaluate (1544 - 1534) + (6 - -3) + -11 + (0 - 158).
-150
What is the value of 33 + 26 + 16 - (14 - 17)?
78
Calculate -1 - (-1 - 11) - (1309 - 1248) - (2 + -5).
-47
30 + -23 + -50 + -29
-72
-27 - -15 - (48 - 77)
17
What is -30 + (-23 + 50 - 16)?
-19
Evaluate (-49 - -1) + (1003 - 918).
37
What is (-9 + -4 + (0 - 2) - -114) + -20?
79
What is the value of 8 + -3 + -19 - (4 - 8) - (53 + 4)?
-67
Calculate -37 + (84 - 44) + (-9 - (1 + -4)) + 0.
-3
(11331 - 11326) + (-25 - 0) + -1
-21
What is the value of 18 + (28 - -5) + -15 + -32?
4
What is the value of 32 + (-12 - (-25 + 17 + 25))?
3
Calculate -8 + -11 + 6 + (-14 - 15).
-42
What is the value of 96 + (-179 - -94) + -64?
-53
Evaluate (-66 - 3) + (5 - -13 - 2).
-53
What is the value of -25 - ((-10 - (-74 - -22)) + -172)?
105
What is -75 + 1 - (-88 - -64) - ((3 - 3) + 6)?
-56
Evaluate -39 + ((95 - 42) + -44 - 38).
-68
Calculate -124 - -27 - (7 - 156).
52
Evaluate -11 + (4 - (-4 - -16)) + 241 + -254.
-32
-24 - (-34 - (-23 - -77))
64
What is the value of 12 - (-64 + 31 - -34 - (1 + -85) - 11)?
-62
Calculate 16 - (15 + (-9 - -12) + -41).
39
Calculate 40 - (-150 + 263 + (1 - 31)).
-43
What is (-16 - 3) + 13 - (0 - 3 - -3)?
-6
What is the value of 5310 - 5348 - (-1 - -2 - (0 - 2))?
-41
Evaluate 6 + (94 - 80 - 119).
-99
What is (-4 - -4 - 136) + (1 + -24 + -3 - -16)?
-146
What is the value of (10 - 20 - 20) + 45?
15
What is the value of -14 - 8 - 33 - -16?
-39
What is (8 - 15 - -11 - 4) + 87 + 3 + -2?
88
Calculate -30 + (0 + 8 - (12 - (8 + 9))).
-17
What is 29 + (1 - 32) + (-259 - -269) - -71?
79
What is the value of (137 + -334 - -168) + (-6 - (0 + 2))?
-37
Calculate -20 - (-1 + -93 - (68 + -79)).
63
Calculate -300 + 305 + (8 - 3 - -81).
91
What is (0 - -6) + (13 - 22) - (44 + 2)?
-49
Calculate 7 - (86 + (-3 - (1 - 0) - (581 - 571))).
-65
Calculate -34 + (3 - -32) - (57 - -26).
-82
Calculate (-34 - (-43 + 15 - 7)) + (1 - (-1 - -71)).
-68
Calculate -13 - (23 - 13) - (2 - (-6 - -12)).
-19
What is 12 - (-11 + 12 - -27) - -65?
49
Calculate (-67 - 1) + (-4 - -13) + (10 - (14 + -4)).
-59
Calculate -5 - -2 - (-57 - -48) - -5 - (-10 + 5).
16
Evaluate -32 + 1 + (-46 - (-8 + -30)).
-39
What is (-396 - -389) + 1 + 47?
41
74 - (51 + -1 - 10)
34
Evaluate -54 - (-29 - (-9 + 3) - (-1 + -8)).
-40
-114 + -51 + 248 + -77
6
Calculate -4 - (-2 - 1) - (1237 - 1254).
16
What is (-2 - 148) + 18536 + -18415?
-29
Calculate 47 + -66 + 6 + -3 - -6 - 14.
-24
Evaluate -14 - (-69 - (-119 - -57)).
-7
13 - 31 - (4 + -16 + 1 - -7)
-14
What is (23 + 0 - -1) + (8 - (-27 - -44))?
15
44 - 45 - (50 - 90)
39
-15 - 1 - 3 - (-58 - -90)
-51
(101 - 91) + -3 + (-5 - (-4 + -2)) + -5
3
16 + -2 - (12 - -10) - (-19 + 8)
3
Evaluate 27 + -17 + (29 + 0 - (2 + -3)) + -4.
36
Calculate 5 + (-88 - 0) + (-1 - 29) + 25 + 12.
-76
Evaluate (0 + 0 - (26 + -19) - -93) + 0 + -9.
77
What is the value of 56 - (2 + -1) - (-13 - (-19 - -10)) - 8?
51
Calculate -8 + 6 + 1 + -61 - (-6 + -3 - -6).
-5